133 (base 5) to base 4
31202323012
Convert -7e94 (base 15) to base 14.
-9b46
190447 (base 12) to base 15
89327
What is 1a91023 (base 11) in base 9?
6546843
What is 111000010100010111101 (base 2) in base 8?
7024275
Convert 52416 (base 16) to base 6.
11115450
Convert 9744202 (base 10) to base 9.
20301471
Convert -230285 (base 14) to base 6.
-41311433
What is -20210400 (base 5) in base 11?
-1016a7
What is -cd56d (base 15) in base 8?
-2372473
5947a (base 14) to base 7
1564413
What is -11121112111212 (base 3) in base 14?
-47b46c
What is 353776 (base 12) in base 8?
3210612
100857 (base 9) to base 4
32211211
What is 1207873 (base 9) in base 7?
5366442
What is -208124 (base 9) in base 8?
-362201
b806a (base 15) to base 13
175a62
-417171 (base 9) to base 12
-bb631
What is -645037 (base 10) in base 6?
-21454141
Convert -3127920 (base 10) to base 7.
-35405205
Convert -29776 (base 15) to base 3.
-20202212110
323bf7 (base 16) to base 9
6166875
-4932b (base 12) to base 4
-120022103
What is -b22e (base 16) in base 2?
-1011001000101110
-21321044 (base 5) to base 2
-101100100101111001
Convert -a87076 (base 13) to base 2.
-1111000110000010011110
What is -2441277 (base 8) in base 7?
-5500326
What is 244413012 (base 5) in base 9?
2172540
What is a97596 (base 15) in base 3?
120012012210220
Convert 4011003 (base 6) to base 2.
101101111011101011
What is -47619a (base 11) in base 5?
-143124112
2505313 (base 9) to base 5
322041102
Convert 38394 (base 13) to base 12.
50153
What is -ad176 (base 15) in base 2?
-10000110011000111101
Convert -1100000011101011 (base 2) to base 3.
-2111202011
3151d (base 14) to base 11
81451
What is 1401312 (base 6) in base 7?
443450
What is -30001303 (base 4) in base 2?
-1100000001110011
Convert 370551 (base 8) to base 7.
1040150
121200001200 (base 3) to base 4
1100012133
What is -80a6 (base 13) in base 11?
-12342
Convert -621629 (base 12) to base 3.
-2220002111020
What is -40123b (base 15) in base 11?
-1798042
45ba6 (base 13) to base 15
27a69
364016 (base 7) to base 13
241a3
Convert 32301230112 (base 4) to base 14.
72b90a
21120411 (base 5) to base 6
3440244
What is -100121122202 (base 3) in base 2?
-101110001101101010
-12212211 (base 5) to base 2
-11100011101001100
What is -203321040 (base 5) in base 12?
-34557b
What is 11120455 (base 7) in base 11?
5a85a9
What is -12e267 (base 15) in base 2?
-11011101110010000110
What is -245654 (base 8) in base 15?
-1a258
-7a6599 (base 12) to base 5
-1000213024
Convert 14b601 (base 13) to base 6.
14540235
What is 23b765b (base 12) in base 7?
113104232
-11200122201112 (base 3) to base 8
-11405062
What is 26c2a6 (base 15) in base 2?
111000110111110110110
235440032 (base 6) to base 9
8360722
Convert 110331133 (base 4) to base 12.
41827
Convert 31123303300 (base 4) to base 15.
498751
-217b1 (base 15) to base 3
-12101220111
What is 6447ca (base 15) in base 8?
22154177
278155 (base 9) to base 8
514004
What is 12937 (base 11) in base 3?
221021200
240427 (base 11) to base 10
381179
What is -12163645 (base 8) in base 9?
-5035251
What is 14b592 (base 12) in base 15?
6e2ae
What is -49752 (base 15) in base 9?
-386635
-4a843e (base 15) to base 11
-201a529
What is 302020023 (base 4) in base 6?
4222323
Convert 20240303 (base 6) to base 4.
2031301233
26625b (base 16) to base 2
1001100110001001011011
37784 (base 12) to base 8
223224
1822b (base 15) to base 7
443513
Convert -98567 (base 11) to base 16.
-22ef7
-303111 (base 4) to base 2
-110011010101
Convert 1932041 (base 10) to base 4.
13113230021
1020132 (base 9) to base 11
342248
15521504 (base 6) to base 5
120230323
Convert -767521 (base 11) to base 4.
-10223012330
Convert 93c23e (base 15) to base 7.
113505431
Convert -50a298 (base 15) to base 7.
-44364506
What is -5188cd (base 14) in base 2?
-1010011111101100000101
Convert -bd62 (base 15) to base 10.
-40142
Convert 52b2 (base 12) to base 3.
110102122
Convert 30552015 (base 7) to base 11.
14a39a0
What is -14978 (base 15) in base 14?
-1a211
What is -867a26 (base 12) in base 8?
-10075376
-1333111012 (base 5) to base 10
-3410132
91736 (base 12) to base 15
3b1bc
358653 (base 10) to base 8
1274375
14666656 (base 7) to base 3
2122201121011
130121330 (base 4) to base 15
24718
-113d9b (base 14) to base 8
-2172625
-73b21 (base 14) to base 12
-115795
What is -24ad9 (base 15) in base 6?
-2302340
17b549 (base 12) to base 14
aab0d
What is -558105 (base 10) in base 15?
-b0570
What is -1362506 (base 7) in base 2?
-101100110001110101
Convert 11865557 (base 10) to base 4.
231100313111
-695b4 (base 12) to base 14
-3946c
2402362 (base 8) to base 7
5403235
56861 (base 13) to base 10
157418
What is 270124 (base 8) in base 5?
11004132
Convert 27661751 (base 8) to base 12.
2115921
-100110011202 (base 3) to base 6
-3553115
20a93 (base 13) to base 12
2a130
Convert 2012312 (base 7) to base 16.
3a3cd
-ea30d (base 15) to base 14
-154bac
What is 12120010222 (base 3) in base 12?
53415
Convert 59cc2d (base 15) to base 13.
b7537a
Convert 139a1a9 (base 12) to base 5.
2001433112
Convert -4ba5a8 (base 13) to base 10.
-1822296
Convert 52511654 (base 7) to base 9.
8316632
-1136546 (base 7) to base 10
-143996
What is 45a6d (base 16) in base 7?
2265521
What is 342311143 (base 5) in base 9?
2775001
303322230 (base 4) to base 14
576d6
122200044 (base 5) to base 3
1002200122102
661645 (base 8) to base 15
45c2c
What is 565090 (base 15) in base 8?
17552203
133013120 (base 4) to base 15
27b68
Convert 2402011042 (base 5) to base 6.
313522312
What is 1114040000 (base 5) in base 10?
2486875
-3d563 (base 14) to base 4
-211012303
What is -1205644 (base 10) in base 6?
-41501404
Convert -211331332 (base 4) to base 7.
-1215256
7ae5 (base 16) to base 5
2001321
What is 2111220022022 (base 3) in base 5?
320231411
-10122202122121 (base 3) to base 8
-7324665
2040245 (base 6) to base 16
18125
Convert -202110220001 (base 3) to base 15.
-7e657
What is -543886 (base 12) in base 16?
-145926
What is 301245235 (base 6) in base 11?
2979305
3e028 (base 16) to base 15
503cc
2016870 (base 9) to base 11
674344
-4214241244 (base 5) to base 15
-b7a934
-1951c5d (base 14) to base 3
-212122110222021
What is -4daa8 (base 15) in base 11?
-15aa07
-102132103331 (base 4) to base 3
-100010001000002
Convert -15890 (base 16) to base 3.
-11110222222
Convert 112221102201 (base 3) to base 11.
190a67
Convert -36338 (base 12) to base 6.
-1322112
Convert -1514017 (base 8) to base 3.
-210221210022
-2315243 (base 6) to base 11
-81547
-a4a5a (base 11) to base 14
-3da93
Convert -1001111100001001110001 (base 2) to base 4.
-21330021301
Convert 10132320030 (base 4) to base 9.
2180773
Convert -3490171 (base 11) to base 14.
-b479b1
8406 (base 9) to base 8
14022
Convert -9fcf9 (base 16) to base 2.
-10011111110011111001
What is -1b7b2 (base 16) in base 13?
-3c308
What is 12b260 (base 15) in base 12?
373a16
-16162c (base 14) to base 15
-103c55
What is 2044114231 (base 5) in base 3?
22001201200200
14611280 (base 9) to base 7
115540641
Convert 100001001011110100110000 (base 2) to base 6.
510242000
Convert 255e6 (base 15) to base 7.
1005204
Convert 248128 (base 9) to base 13.
53531
-101101020221200 (base 3) to base 7
-64613346
441333 (base 7) to base 11
53125
Convert -665165 (base 7) to base 9.
-187515
212022202201 (base 3) to base 2
1110000000101011100
What is 1100111000000110111110 (base 2) in base 8?
14700676
What is 144bab (base 12) in base 14?
8c0a7
-2681451 (base 9) to base 16
-16712b
What is 7574621 (base 8) in base 11?
1167167
Convert 112120121022 (base 3) to base 2.
1000110000011011001
What is 357570 (base 8) in base 12?
5b048
What is -1242242 (base 6) in base 9?
-113148
Convert -8bc30 (base 15) to base 10.
-444870
Convert -2b68d2 (base 15) to base 8.
-10001320
Convert -2212101220 (base 3) to base 8.
-156153
Convert -114091c (base 13) to base 12.
-1943204
233001330012 (base 4) to base 15
1137e40
Convert -376025 (base 8) to base 6.
-2442101
Convert 444011111 (base 5) to base 16.
1d9369
-158779 (base 12) to base 10
-367437
1101010101111111100 (base 2) to base 10
437244
Convert -11c8c39 (base 13) to base 2.
-10101001101100010100110
What is -20020102001001 (base 3) in base 13?
-8c0a1c
-12222302002 (base 4) to base 8
-6526202
-111201210201 (base 3) to base 16
-41fec
What is 18514 (base 14) in base 2?
11101111101